(n) - 4*u(n). Determine o(-2).
3
Suppose -2 = -g - 4. Let h(f) = 2 - 4*f**2 + 3*f + 4*f**2 + 2*f**2. Calculate h(g).
4
Let a be 6/4*((-12)/6 - 2). Let w(n) = -n - 3. What is w(a)?
3
Let y(i) be the third derivative of i**7/2520 - i**6/720 + i**5/40 - 7*i**4/24 + 2*i**2. Let n(p) be the second derivative of y(p). Calculate n(3).
9
Let a(z) = 6*z**2 - 9*z - 16. Let o(c) = -c**2 + 2*c + 3. Let f(p) = -2*a(p) - 11*o(p). Give f(-3).
2
Let z(x) = -x**2 + 1. Let f(t) = t**3 - 10*t**2 - 12*t + 13. Let p be f(11). Calculate z(p).
-3
Let w(z) = -2 - 1 - 2*z**2 + 2 - 2*z. Let x(i) = 14*i - 128. Let c be x(9). What is w(c)?
-5
Let j(z) = -3*z + 3 - z + z + 4*z. What is j(4)?
7
Let v(q) = -7*q - q**2 + 1 + 3*q**2 + 1 - q**2. Calculate v(5).
-8
Let y(s) = -5 + 2*s - 5*s + 4*s. Determine y(0).
-5
Let z(v) = v**3 - 5*v**2 - 5*v + 5. Let w = 12 - 6. Let d be z(w). Suppose -d = 4*g + 1. Let o(b) = -2*b. Determine o(g).
6
Let c(k) be the third derivative of -k**4/24 + k**3/3 + 16*k**2. Determine c(3).
-1
Let m(f) = 5*f + 4. Suppose -3*i - 12 = -i. Let d(y) = -4*y + 1. Let t(l) = 4*l - 2. Let j(p) = 5*d(p) + 4*t(p). Let g(n) = i*j(n) - 5*m(n). Determine g(0).
-2
Let q(d) = -1 - 2*d + 1 - 7 + 8. Let i be 1 + (-2)/4*-2. What is q(i)?
-3
Let g be 1 + 3/(-1) + 14. Suppose -g = 3*m, 0*m = 5*i - 2*m - 23. Let x(n) = -2*n - 1. Give x(i).
-7
Let b be 2/(-8) + 26/8. Suppose -b = x - 8. Let s(z) = -z - 7. Give s(x).
-12
Let k(t) = -t**2 + 7*t - 7. Suppose 5*b + 2 = v + 4*b, -3*b = -v - 6. What is k(v)?
-1
Let u(f) = -f + 4 + 3*f**2 + f**3 - 2 + 2*f**2. Let o = 2 + -2. Suppose o = 2*n - 2 + 12. Calculate u(n).
7
Let m(a) be the third derivative of -a**6/120 + 7*a**5/60 + a**4/3 - 5*a**3/3 + 15*a**2. Give m(8).
-10
Suppose 2*j + 3*l = 4*j - 12, 16 = -4*j - 4*l. Let y(r) = 3*r - 4*r - 1 - 2*r**2 + j*r**2. Let z be 32/18 - 2/(-9). What is y(z)?
-11
Let j(t) be the second derivative of t**3/6 + 2*t**2 + 3*t. Calculate j(3).
7
Let r = 2 - 3. Let m be (-1)/(-2)*0/r. Let a(l) = 13*l**2 + 9*l - 5. Let f(o) = 3*o**2 + 2*o - 1. Let b(p) = 2*a(p) - 9*f(p). Give b(m).
-1
Suppose -7 = -5*h - 2*b, -2*b = -7*b - 20. Let v be (-3)/(-2)*4/h. Let w(r) = 0 - r**2 - 3 - v. Determine w(0).
-5
Let t(z) be the first derivative of -z**2/2 - 2*z + 125. Suppose 5*g = -3 - 22, 3*r = 4*g + 20. Determine t(r).
-2
Let l(x) = -16*x - 4. Let i(k) = -17*k - 4. Let j(n) = -5*i(n) + 6*l(n). Let t(z) = -5*z - 2. Let y(o) = -4*j(o) + 9*t(o). Determine y(3).
-5
Let t(m) be the second derivative of 0 - 1/2*m**3 + 3/2*m**2 + 4*m. Calculate t(3).
-6
Let f(o) = -o. Let d be -2*1 + -7 + 8. Let b(h) = -4. Let w(p) = d*f(p) + b(p). Give w(4).
0
Let f(c) be the third derivative of -c**4/24 - c**3/6 + 3*c**2. Calculate f(-4).
3
Let h(f) be the third derivative of f**8/6720 + f**7/1260 + f**6/720 + f**5/40 - f**4/4 - 2*f**2. Let b(q) be the second derivative of h(q). What is b(-3)?
-9
Let i(z) = -4*z**3 - 2*z**2 + 3*z - 1. Let w(y) = -5*y**3 - 3*y**2 + 4*y - 2. Let n(h) = 3*i(h) - 2*w(h). Calculate n(-1).
2
Suppose -5*y = -10*y. Let w(o) = -5*o + o + y - 6 + 0. What is w(-6)?
18
Suppose 0*v - v + 37 = 0. Suppose 4*r - 8 = f + 16, 5*r - v = 3*f. Let b(p) = -2*p**2 - 5*p + 2. Determine b(f).
-10
Let d be 4/5*(-20)/(-8). Let p(s) = 3*s**3 - 4*s**2 + 4*s - 5. Let j(q) = -q**3 + q**2 + 1. Let l(g) = -2*j(g) - p(g). Determine l(d).
-5
Let j(x) = -2*x**2 + 1. Let k be 114/10 + 4/(-10). Let o = k + -6. Suppose -5*d - o*g + 20 = -10, 5*d + 3*g - 20 = 0. What is j(d)?
-1
Let i(u) = u - 4. Let x be i(6). Let y be -5 + 0/(x/(-2)). Let t(l) = 3*l - 43*l**2 + 1 + 44*l**2 + 3*l. Determine t(y).
-4
Let l(z) = -2*z**2 - z - 1. Let o = -25 + 29. Let r(a) = -a - 1. Let u be r(-4). Suppose d + o = -u*d. Give l(d).
-2
Let n(g) = g**3 - 4*g**2 - 2*g + 3. Let r(s) = -6*s + 15*s - 10*s**2 + 14 + 9*s**2. Let w be r(10). Determine n(w).
-5
Let g(o) = o. Let z(s) = -2*s - 4. Let p be z(-4). Let y be ((-10)/p)/((-2)/(-4)). What is g(y)?
-5
Suppose 4*p = -11 + 35. Suppose -3*n + p = 3. Let l(b) = -2*b. Determine l(n).
-2
Let z(d) = -3*d**2 + 37*d + 7. Let l(g) = -g**2 + 13*g + 2. Let i(j) = 17*l(j) - 6*z(j). Determine i(6).
22
Suppose -4 = 2*h - 14. Suppose 2*w + l = 1 - 2, l - 5 = -h*w. Let u(k) be the first derivative of -k**4/4 + 2*k**3/3 - k - 3. Give u(w).
-1
Suppose 12 + 18 = 5*y - 3*a, -4*a = 0. Let w(v) = -v**2 + 6*v + 3. Calculate w(y).
3
Let s(v) = 2*v**3 + 2*v**2 - 10*v + 1. Let o(x) = -x**3 - 3*x**2 + 9*x - 2. Let k(q) = -3*o(q) - 2*s(q). Give k(4).
-8
Let r(v) = -7*v + 4. Let b be r(4). Let w be (12/8)/(9/b). Let t(d) = -d**2 - 2*d. Determine t(w).
-8
Let o be 12/(-15)*-1*5. Let b(i) = -4*i + 5*i**2 + 3*i**2 - 4*i**2 - 3*i**2 + 4. What is b(o)?
4
Let n(w) = w**2 + 11*w + 7. Let r(k) = k**2 + 12*k + 8. Let s(b) = 4*n(b) - 3*r(b). Determine s(-6).
-8
Let r(s) = 7*s**3 + 19*s**2 + 5*s - 3. Let m(a) = -4*a**3 - 10*a**2 - 2*a + 1. Let d(q) = -5*m(q) - 3*r(q). Give d(-6).
-2
Let a(g) = -g**3 + 4*g**2 - 3*g. Let o be a(2). Let t(u) = -u + o*u + 4*u + 1. Let s = 0 - 1. What is t(s)?
-4
Let v(r) = -27*r - 3. Let m(o) = -18*o - 2. Let p(n) = 8*m(n) - 5*v(n). What is p(1)?
-10
Let y be (-1)/(-2) + 3/6. Suppose 0 = a - 3 + y. Suppose 1 = -4*z + 5*i + 3, -z = a*i - 7. Let v(h) = h**2 - h - 4. Determine v(z).
2
Let s(f) = f**2 - f + 10. Let b be s(0). Let p be 6/15 - 34/b. Let j(u) = 2*u. Give j(p).
-6
Let v(m) = 4*m + 4 + m**3 + 4 + 0 + 5*m**2 - 4. Let d be ((-12)/8)/(3/8). Give v(d).
4
Let z = -2 + 4. Let l(x) = -2*x + 13*x + 4*x**z - 3*x**2 - 2*x**2. Let v be l(11). Let j(a) = a - 5. Determine j(v).
-5
Let o(p) = -p**3 + 5*p**3 - 6*p**2 - 2*p - 3*p**3 + p. What is o(6)?
-6
Let o(x) = -2*x - x + 2*x. Suppose 5*f = -0*f - 10. Let m = f + 4. Give o(m).
-2
Let r = 2 + 0. Suppose -11 + r = -3*z. Let d(m) = 2*m**2 + 4*m. Let s(q) = q**2 + q - 1. Let f(x) = -d(x) + 3*s(x). What is f(z)?
3
Let v(s) = -11*s + 1. Let k(p) = -10*p + 1. Let j(z) = -4*k(z) + 3*v(z). What is j(-1)?
-8
Let i(k) = -k**3 + 1. Let g be 5/((1/(-1))/1). Let p be 3*((-30)/9)/g. Calculate i(p).
-7
Let f = 10 + -4. Suppose 9 = m + 3*h, -5*m + f*h = 3*h - 9. Suppose -4 = -4*w, -4*r + w = m*w - 10. Let c(i) = i - 3. Give c(r).
-1
Let q(x) = -x**2 - 4*x - 1. Suppose 3*r = 67 + 20. Suppose 1 = -2*v + r. Suppose 4*j + 2 = -v. Determine q(j).
-1
Let u(d) = d**3 + 5*d**2 - 3*d. Suppose -3*h - 4*h - 35 = 0. Determine u(h).
15
Let n(l) = 0*l + 0 - 1 - l. Let u(d) = -3*d - 6. Let j be u(-5). Suppose 0 = -6*x + 3*x + j. Give n(x).
-4
Suppose 0 = -x - 3*x + 12. Let z be 2*(-3)/(-2 - 1). Let b(a) = 2*a - a**2 + a**x - a**2 + a**z. Determine b(2).
8
Let s(i) = -i**3 + 5*i**2 + 4. Let h = -13 + 18. Determine s(h).
4
Let p(r) = -r**2 - 5*r + 7. Suppose 10 = t - 4*y, 0*t - t - 2*y = 14. Calculate p(t).
1
Let z(r) = -r**2 - 7*r - 3. Let n be z(-6). Let d(i) = 0*i**2 - n + 1 - i**2 - 5. Determine d(0).
-7
Let k(n) = -4*n - 7. Let h(y) = -11*y - 20. Let j(i) = 6*h(i) - 17*k(i). Let c = 3 + -1. Determine j(c).
3
Let q be (6/(-4))/((-2)/4). Suppose 0*h = -q*h. Suppose h = -2*z + o - 7, 6*z - o + 11 = 2*z. Let n(d) = -d**3 - d**2 - 2. Give n(z).
2
Let c(w) = w**2 - 4*w. Let h = -68 + 72. Calculate c(h).
0
Suppose 6*f - 12 = 2*f. Suppose -3 = -f*q - 9. Let g be q/(-9) + 77/(-63). Let r(y) = y**2 + y + 1. Give r(g).
1
Let k(j) be the first derivative of 3*j**4/2 + 2*j**3 + j**2/2 - 3. Let w(f) = f**3 + f**2. Let s(o) = -k(o) + 5*w(o). Let u = 2 + -2. Determine s(u).
0
Let q(n) be the second derivative of -n**6/120 + n**5/15 + n**4/8 - n**3 + n**2/2 + 3*n. Let a(t) be the first derivative of q(t). Give a(4).
6
Let m(b) = -b**2. Let t(c) = c**2 - 4*c + 4. Let v(j) = -2*m(j) - t(j). Calculate v(-4).
-4
Suppose 4*p - 21 = 5*d - 2*d, 5*d + 4*p = -35. Let r(h) = h**2 + 7*h - 1. Calculate r(d).
-1
Let s be (8*1)/(3 + 4 + -8). Let c(k) = -3*k - 12. Calculate c(s).
12
Let d(s) = -3*s**2 - 14*s + 13. Let v(i) = i**2 + 7*i - 6. Suppose -10 + 2 = 4*p. Suppose -3*j - 29 = 4*l, 5*j = 2*l + l. Let k(z) = l*v(z) + p*d(z). Give k(4).
-8
Let r(z) = -z. Let a = 6 + 2. Let k(t) = t - 9. Let u be k(a). Calculate r(u).
1
Let z be 2*(-1 + 5/2). Let d(k) = k - 1. Determine d(z).
2
Let p(m) = 24*m - 4. Let i(o) = 5*o - 1. Let d(w) = 14*i(w) - 3*p(w). Suppose 3 + 0 = -q. What is d(q)?
4
Let c(y) = -y. Let p = -7 - 1. Let w(m) = -m*